t i(m) = m - 7. Let y be i(10). Let w be ((-20)/8 + y)*4. What is the greatest common divisor of 1 and w?
1
Suppose 331 = 3*y - 353. Calculate the greatest common factor of 24 and y.
12
Let x(l) = l**2 - l + 24. Let t be x(0). Suppose -6*f - 4*v = -5*f - 28, 0 = 7*f - 3*v - 165. What is the greatest common factor of t and f?
24
Let i(f) = -13*f + 8. Let m be i(-4). Suppose 2*q + g - 49 - 51 = 0, -q = 3*g - m. What is the greatest common factor of 6 and q?
6
Suppose 5*l - 3*l = -20. Let h be (-2 + l/(-4))*-8. Let k be 6/(-24) + (-81)/h. What is the highest common divisor of 8 and k?
4
Suppose 2*o = -5*d + 174 + 113, 0 = -2*d + 2*o + 126. Calculate the highest common factor of d and 1593.
59
Let r = 6 + -7. Let l = 14 + r. Suppose -c = -l + 3. What is the greatest common factor of c and 4?
2
Let o = -1584 + 2284. Let j = 434 - o. Let a = -156 - j. What is the highest common factor of 10 and a?
10
Suppose 0*s + 16 = s. Let j be -20*(-48)/9*(-6)/(-20). Suppose 29*k - j*k + 48 = 0. Calculate the greatest common divisor of s and k.
16
Let d(f) = 33*f**3 + 2*f**2 + 5*f - 6. Let i be d(1). What is the greatest common factor of i and 2?
2
Let v(q) = -q**2 + 14*q - 9. Let w be v(9). Let o be ((-2)/(-4))/(3/48). Let b be (w/16)/(1/o). Calculate the highest common factor of 2 and b.
2
Suppose -4*u = -31 - 5. Suppose -120 - 60 = -4*i. What is the greatest common divisor of i and u?
9
Let a = 20 - 15. Suppose 0 = -v + a*u + 27, u = -2*u - 12. What is the highest common factor of 1 and v?
1
Let v = -1464 - -2080. Calculate the greatest common divisor of v and 176.
88
Suppose a - 40 = 3*a. Let q = 15 + a. Let g(x) = x**2 + x - 2. Let b be g(q). Calculate the greatest common divisor of 45 and b.
9
Let g(y) = y**3 + y**2 + 3*y - 9. Let d be g(5). Calculate the highest common factor of d and 52.
52
Suppose -6*l = -2*l - 3*c + 51, 15 = -2*l + 5*c. Let w = 50 + l. What is the highest common factor of 105 and w?
35
Suppose 3*m - 4*d + 186 + 49 = 0, 223 = -3*m + d. Let p = -54 - m. What is the highest common divisor of 76 and p?
19
Let m(k) = -25*k - 156. Let d be m(-12). What is the highest common divisor of 216 and d?
72
Let a(d) = -2*d - 30. Let y be a(-17). Suppose 4*l - n - 87 = -y*n, -2*n - 80 = -5*l. Let g = 5 + -3. What is the highest common factor of l and g?
2
Suppose 8*t = 3*t + 5*o + 125, -3*t + 80 = -4*o. Calculate the highest common divisor of 1670 and t.
10
Let o = 110 + -41. Let b = o - 56. What is the greatest common divisor of b and 13?
13
Suppose -5*a = -4*t - 8, 18 + 11 = 5*a + 3*t. Let j be ((-4)/(-1))/(a/10). Let x = -720 + 730. Calculate the greatest common divisor of x and j.
10
Let p = 187 + 52. Suppose 47 = -z + p. What is the highest common factor of z and 24?
24
Let u(l) = -l + 15. Suppose -55 = -5*g - 15. Let z be u(g). Suppose y - 5 = -4. Calculate the greatest common factor of y and z.
1
Suppose 3*n - 5*z + 15 = 8*n, 0 = -3*n + z + 17. Suppose -46*v - 81*v = -635. What is the greatest common divisor of n and v?
5
Suppose -54 = -0*p - 3*p. Let x be (-1)/(2 - 33/p). Let o be ((-11)/2)/(x/12). Calculate the greatest common divisor of o and 33.
11
Let p(n) be the second derivative of 5*n + 1/6*n**4 + n**2 - 2/3*n**3 + 0. Let q be p(2). What is the highest common divisor of 18 and q?
2
Let r be ((-40)/(-6))/(28/462). Let i = 1 + 2. Suppose -q = -i*q + 20. What is the highest common divisor of q and r?
10
Let z be 2793 + (-6)/((-66)/(-77)). Calculate the highest common factor of z and 14.
14
Let q = -149 + 149. Suppose q = 10*t - 8*t - 4. What is the greatest common divisor of t and 4?
2
Let o(a) = 17*a - 864. Let z be o(52). Calculate the greatest common factor of 8 and z.
4
Let w be 137/1 + (-12 - (-28)/7). What is the highest common factor of w and 4128?
129
Suppose -195 + 770 = j. Suppose -2*n - 4*s + 390 = 130, 5*n - 5*s = j. Calculate the highest common divisor of 12 and n.
12
Let c(i) = 3*i**2 + 32*i - 211. Let t be c(-19). What is the highest common divisor of t and 16?
8
Let n(v) = 3*v**2 + 2*v. Let z be n(-1). Let c = -6 + z. Let w be 3/c + 356/10. What is the greatest common divisor of 7 and w?
7
Let s = 667 - 646. Let m(g) = 188*g**3 + g**2 - g + 1. Let w be m(1). What is the highest common factor of w and s?
21
Suppose -2*u - 2*c + 0 = -2, -2*u = -c - 11. Suppose -180 = -q - u*q. What is the greatest common factor of q and 12?
12
Suppose -3*g - 90 = -8*g. Let d be ((-3 - 1)/4)/1 + -11. Let w be (-867)/(-12) + (27/d - -2). Calculate the greatest common divisor of g and w.
18
Suppose -3*i + 16 = 1. Suppose -5*z = 3*v - 11, -i*v + 14 = 2*z + 2. Let t be (-7*(-100)/4)/z. What is the highest common divisor of 25 and t?
25
Suppose 181*x = 190*x - 1782. Calculate the highest common factor of 36 and x.
18
Let o = 85 + -83. What is the highest common divisor of 2 and o?
2
Let u = 1087 - 625. What is the greatest common divisor of 147 and u?
21
Suppose -b - w - 46 = 0, 0 = 4*b - b - 4*w + 152. Let u be b/(-21) + 2/(-7). Let h = -8 + 14. What is the highest common factor of h and u?
2
Let s = -30 + 39. Calculate the highest common divisor of s and 117.
9
Let o(s) = -242*s + 31. Let m be o(-9). What is the highest common factor of m and 47?
47
Let w(c) = -c**3 - c**2 + 4*c + 7. Let h be w(-3). Suppose -h*l + 139 = -238. What is the greatest common divisor of l and 58?
29
Let w = -165 - -261. What is the greatest common factor of 6 and w?
6
Suppose 224 + 125 = 3*y + 2*c, 3*y + c - 350 = 0. What is the greatest common factor of y and 273?
39
Let m be 294/56 + (-1)/4. Suppose 0 = m*x - 785 + 290. What is the highest common factor of 11 and x?
11
Suppose -v = 2*l - 7 - 4, -3*l = 4*v - 24. Suppose -3*j = l*h - 0*h - 11, 3*j + 3*h = 15. Calculate the highest common divisor of j and 45.
9
Suppose 2*z - 29 = -2*n + 3, n - 3*z = 4. Let g(q) = -33*q + 4. Let y be g(-5). Calculate the highest common divisor of n and y.
13
Let f = -946 - -994. What is the greatest common factor of f and 216?
24
Let k = 2538 - 2483. Calculate the greatest common factor of 88 and k.
11
Let s(t) = -t**3 + 11*t**2 + t + 37. Let l be s(11). What is the highest common factor of l and 60?
12
Let i(g) = -82*g - 289. Let w be i(-5). Let c be 32/3 + (-1)/(-3). What is the greatest common divisor of w and c?
11
Suppose 0 = 503*y - 501*y - 56. What is the highest common divisor of y and 469?
7
Let x(b) = b**2 + 7*b + 11. Let j be x(-7). Suppose -3*h = 2*h - 5. Calculate the highest common factor of j and h.
1
Let t = 66 + -38. Let o be 28*(-6)/(-30)*5. Calculate the highest common divisor of o and t.
28
Let t be 14 - (3 + 1 + -2). Let x = t + -8. Suppose 3*a - 67 = -x*b, 42 = 2*a + 3*b + b. Calculate the highest common factor of a and 100.
25
Let i(o) = o**3 + 36*o**2 + 86*o - 55. Let c be i(-33). Calculate the greatest common divisor of 66 and c.
22
Let n = 15 - 13. Suppose 3*v - 17 = -n. Suppose -4*k = -d - 45, k - 4*d = v*k - 20. Calculate the greatest common factor of k and 20.
10
Suppose 2*t + 9 = p, -5*p + 81 - 12 = -2*t. Let w(g) = g + 52. Let v be w(-22). Calculate the highest common factor of p and v.
15
Suppose -5*h + 33 - 13 = 0. Let d = -218 - -266. What is the greatest common divisor of d and h?
4
Let t(k) = k**3 + 14*k**2 + 4*k**2 + 19 + 3 - 2*k**3 + 3*k. Let h be t(18). What is the highest common factor of 19 and h?
19
Let i be ((-3)/((-30)/8))/((-6)/(-810)). Calculate the greatest common divisor of i and 81.
27
Let d be 35/4 + (-2)/(-8). Let q(k) = k**3 - 10*k**2 + 10*k + 6. Let f be q(d). Let w be (0 - 2*-1) + 1. Calculate the greatest common divisor of f and w.
3
Let i(u) = -5*u + 2. Let d be i(1). Let c be 6/4*d/((-18)/24). Let o(b) = 30*b**2. Let w be o(1). What is the highest common divisor of c and w?
6
Let l = -124 - -208. What is the greatest common divisor of 28 and l?
28
Suppose 0 = -0*p - 2*p + 30. Let t(s) = -s**3 - 38*s**2 + s + 58. Let j be t(-38). What is the greatest common divisor of p and j?
5
Suppose 2*k - 4 = -0. Let l be ((-6)/1)/(-1)*-1. Let f = l - -11. What is the highest common factor of k and f?
1
Let h be ((-8)/((-48)/93))/((-1)/(-6)). Calculate the greatest common factor of 465 and h.
93
Let m be (-28)/(-7) - (-6 - -1). Let s(y) = -y**3 + 8*y**2 + 11*y - 10. Let c be s(m). What is the highest common factor of c and 8?
8
Let k = -8 -